{"id":89,"date":"2021-09-27T08:49:21","date_gmt":"2021-09-27T11:49:21","guid":{"rendered":"http:\/\/xingupraiaclube.com.br\/?page_id=89"},"modified":"2023-05-24T10:19:40","modified_gmt":"2023-05-24T13:19:40","slug":"quero-me-tornar-socio","status":"publish","type":"page","link":"https:\/\/xingupraiaclube.com.br\/","title":{"rendered":"Quero me tornar S\u00f3cio"},"content":{"rendered":"\n<h2 class=\"wp-block-heading\"><strong><em>Informa\u00e7\u00f5es sobre a aquisi\u00e7\u00e3o de t\u00edtulos do Xingu Praia Clube<\/em><\/strong><\/h2>\n\n\n\n<p><\/p>\n\n\n\n<div class=\"wp-block-group\"><div class=\"wp-block-group__inner-container is-layout-flow wp-block-group-is-layout-flow\">\n<p><strong><em>Documenta\u00e7\u00e3o Necess\u00e1ria<\/em><\/strong><\/p>\n\n\n\n<p><\/p>\n\n\n\n<p><strong>Do Proponente:<\/strong><\/p>\n\n\n\n<ul class=\"wp-block-list\">\n<li>Proposta preenchida e assinada<\/li>\n\n\n\n<li>Documento de Identidade e CPF ou a CNH<\/li>\n\n\n\n<li>Comprovante de Endere\u00e7o<\/li>\n<\/ul>\n\n\n\n<p><strong>Do C\u00f4njuge:<\/strong><\/p>\n\n\n\n<ul class=\"wp-block-list\">\n<li>Certid\u00e3o de Casamento ou Declara\u00e7\u00e3o de Uni\u00e3o Est\u00e1vel com as assinaturas reconhecidas em cart\u00f3rio.<\/li>\n\n\n\n<li>Documento de Identidade e CPF ou a CNH<\/li>\n<\/ul>\n\n\n\n<p><strong>Filhos menores de 24 anos:<\/strong><\/p>\n\n\n\n<ul class=\"wp-block-list\">\n<li>Certid\u00e3o de Nascimento ou a Documento de Identidade ou a CNH<\/li>\n<\/ul>\n\n\n\n<p><em>Pai\/M\u00e3e quando vi\u00favos, e vivem sob a depend\u00eancia econ\u00f4mica do proponente desde que comprovada tal situa\u00e7\u00e3o por documento h\u00e1bil, ou aqueles que possu\u00edrem idade superior a 65 anos:<\/em><\/p>\n\n\n\n<ul class=\"wp-block-list\">\n<li>Documento de Identidade e CPF ou a CNH.<\/li>\n<\/ul>\n\n\n\n<p>A proposta juntamente com a c\u00f3pia da documenta\u00e7\u00e3o dever\u00e1 ser entregue na secretaria do clube no hor\u00e1rio comercial (segunda a sexta das 08h as 12h e das 14h \u00e0s 18h e aos s\u00e1bados das 08h \u00e0s 12h)<\/p>\n\n\n\n<h2 class=\"wp-block-heading\">Contatos:<\/h2>\n\n\n\n<p>E-mail: <a href=\"mailto:secretaria@xingupraiaclube.com.br\">secretaria@xingupraiaclube.com.br<\/a><\/p>\n\n\n\n<p>Telefone: 93 991983332<\/p>\n\n\n\n<p>Download formul\u00e1rio da Proposta: <a href=\"http:\/\/xingupraiaclube.com.br\/wp-content\/uploads\/2023\/05\/Proposta.pdf\" data-type=\"URL\" target=\"_blank\" rel=\"noreferrer noopener\">CLIQUE AQUI!<\/a><\/p>\n<\/div><\/div>\n\n\n\n<p><\/p>\n","protected":false},"excerpt":{"rendered":"<p>Informa\u00e7\u00f5es sobre a aquisi\u00e7\u00e3o de t\u00edtulos do Xingu Praia Clube Documenta\u00e7\u00e3o Necess\u00e1ria Do Proponente: Do C\u00f4njuge: Filhos menores de 24 anos: Pai\/M\u00e3e quando vi\u00favos, e vivem sob a depend\u00eancia econ\u00f4mica do proponente desde que comprovada tal situa\u00e7\u00e3o por documento h\u00e1bil, ou aqueles que possu\u00edrem idade superior a 65 anos: A proposta juntamente com a c\u00f3pia &hellip; <\/p>\n<p class=\"link-more\"><a href=\"https:\/\/xingupraiaclube.com.br\/\" class=\"more-link\">Continue lendo<span class=\"screen-reader-text\"> &#8220;Quero me tornar S\u00f3cio&#8221;<\/span><\/a><\/p>\n","protected":false},"author":1,"featured_media":0,"parent":0,"menu_order":0,"comment_status":"closed","ping_status":"closed","template":"","meta":{"footnotes":""},"class_list":["post-89","page","type-page","status-publish","hentry"],"_links":{"self":[{"href":"https:\/\/xingupraiaclube.com.br\/index.php\/wp-json\/wp\/v2\/pages\/89","targetHints":{"allow":["GET"]}}],"collection":[{"href":"https:\/\/xingupraiaclube.com.br\/index.php\/wp-json\/wp\/v2\/pages"}],"about":[{"href":"https:\/\/xingupraiaclube.com.br\/index.php\/wp-json\/wp\/v2\/types\/page"}],"author":[{"embeddable":true,"href":"https:\/\/xingupraiaclube.com.br\/index.php\/wp-json\/wp\/v2\/users\/1"}],"replies":[{"embeddable":true,"href":"https:\/\/xingupraiaclube.com.br\/index.php\/wp-json\/wp\/v2\/comments?post=89"}],"version-history":[{"count":13,"href":"https:\/\/xingupraiaclube.com.br\/index.php\/wp-json\/wp\/v2\/pages\/89\/revisions"}],"predecessor-version":[{"id":203,"href":"https:\/\/xingupraiaclube.com.br\/index.php\/wp-json\/wp\/v2\/pages\/89\/revisions\/203"}],"wp:attachment":[{"href":"https:\/\/xingupraiaclube.com.br\/index.php\/wp-json\/wp\/v2\/media?parent=89"}],"curies":[{"name":"wp","href":"https:\/\/api.w.org\/{rel}","templated":true}]}}